ose 5*z - 140 = -3*m, -h*m + 13 = -7. Suppose -z = -4*q + k + 3, 5*q - 52 = -3*k. Let u(j) = -j**2 + 9*j + 8. Give u(q).
16
Let v(w) be the second derivative of -w**4/12 - 2*w**3/3 + 5*w**2 + 175*w + 5. Determine v(-4).
10
Let r(o) = 3*o + 1 - 3 + 0*o - 1. Let n = 97 - 95. Let k be n + -2 + 1 + 3. What is r(k)?
9
Let h be 1/5 - 8*(-189)/90. Let s(p) = -5*p - 30. Let n(o) = -4*o - 29. Let w(q) = -6*n(q) + 5*s(q). Determine w(h).
7
Let f = -21945 - -21933. Let c(t) = 2*t**3 + 22*t**2 - 22*t + 11. Give c(f).
-13
Let a(i) = 295*i**2 + 50*i + 89. Let b(o) = -61*o**2 - 10*o - 18. Let k(d) = -6*a(d) - 29*b(d). Suppose -40 + 13 = 3*x. Give k(x).
-3
Let z(f) = -f**3 - 10*f**2 + 11*f + 8. Let c(x) = 2*x**2 + x**2 + 38 - 8*x - 74 + 35 + x**3. Let n be c(-5). Calculate z(n).
8
Let y(g) = g + 15. Let x be y(-3). Suppose 4*l + 0 = x. Suppose a = l*a - 5*o - 25, 0 = -5*a + o + 5. Let b(v) = -v**3 + v**2 - v - 11. Give b(a).
-11
Let t(x) = -x**3 - 7*x**2 - 8*x - 2. Let j be t(-6). Let q(z) = -2*z - 93 - 8*z - 11*z + 87 + 29*z - 7*z. Give q(j).
4
Let q(s) be the third derivative of -s**7/5040 + 19*s**5/20 - 22*s**2. Let x(f) be the third derivative of q(f). Give x(0).
0
Let k(g) be the second derivative of g**3/6 - 20*g**2 - 678*g + 4. Calculate k(34).
-6
Let v be ((-3)/2)/(-2*(262/(-32) + 8)). Let u(a) = -a**3 - 32*a**2 - 112*a + 5. What is u(v)?
5
Let b(j) be the first derivative of 5*j**3/3 - 20*j + 5143. Calculate b(3).
25
Let b = -200 + 196. Let l = b + 1. Let d(h) = h**2 + 4*h. Determine d(l).
-3
Let g(d) = -d**3 - 6*d**2 - 3*d + 3. Let w = -6661 - -6657. What is g(w)?
-17
Let p be 9/15 + (72/20)/(-6). Let k be (-1)/(-2)*(p - 0). Let s(b) = b**3 + b. What is s(k)?
0
Let r(m) = 2*m + 372 + 370 - 743. Let y be 6/4*(-44)/33. Calculate r(y).
-5
Let p(d) = -47*d**2 + 2*d - 4. Suppose 0 = 5*z + 6*z + 11*z - 22. What is p(z)?
-49
Let b = -1231 - -1231. Let u(y) = 2*y**2 - y - 6. Give u(b).
-6
Let o(p) = p**2 - p - 1. Let y(d) = 3*d**2 + d. Let s(m) = -2*o(m) + y(m). Let c = 3352 + -3357. What is s(c)?
12
Let c(d) = d**2 - 5*d - 1. Suppose -2*h = -3*h + 675. Let i = -670 + h. Calculate c(i).
-1
Let d(q) = -q**2 + q + 1. Let j be d(0). Let h(t) = -t**3 - 2*t**2 + 1. Determine h(j).
-2
Let i(t) be the second derivative of t**5/20 - t**4/4 + t**3/3 + 3*t. Suppose -15*a - 258 + 4 = -142*a. Determine i(a).
0
Let o(y) = y**2 - 177*y + 5. Let l(v) = 3*v**2 - 485*v + 15. Let d(f) = 4*l(f) - 11*o(f). Suppose -4*p + 10 = 26. Determine d(p).
-7
Let w(k) = 113*k**2 - 8*k - 13. Suppose 0 = -10*s + 6 - 26. Let f be w(s). Let h(u) = f*u - 6 - 454*u + 1. Give h(-6).
-11
Let q(z) = -z**2 - 6*z - 9. Suppose h + 5*s = 6*s - 13, 0 = -s + 1. Let n be ((-24)/(-14))/((-1)/((-42)/h)). Determine q(n).
-9
Let u(q) be the second derivative of 0 + 1/6*q**3 - 134*q + 1/2*q**2. Let t = 0 + -2. What is u(t)?
-1
Suppose 446*i - 467*i = 0. Let d(z) be the third derivative of -z**4/24 - 3*z**3 + z**2. What is d(i)?
-18
Let r(k) = k**2 + 83*k + 309. Let f be r(-79). Let c(n) = -n**3 - 8*n**2 - 11*n - 5. What is c(f)?
23
Let q(n) = 13*n. Let z be (-34)/(-289) - (-32)/17. Determine q(z).
26
Suppose -l = -2*v + 4*l + 29, 25 = 5*v - 3*l. Let s(d) = 2*d**2 + 2*d**2 - v*d + 0*d**2 + d - 5*d**2. Give s(-1).
0
Let v(s) be the first derivative of -3*s**2 + 31*s + 810. Give v(13).
-47
Let o(j) = j**3 - 4*j**2 - 15*j + 51. Suppose 27*w = 24*w + 12. Calculate o(w).
-9
Let n(v) = -v**3 + 5*v**2 + 7*v + 7. Let u be (-39 + 33)/(1/(34/(-4))). Suppose -21 = 5*q - u. Give n(q).
13
Let c(j) be the third derivative of -j**6/144 + j**5/20 - j**4/24 - j**3/3 + 2*j**2 - 12. Let o(y) be the second derivative of c(y). Determine o(6).
-24
Suppose 0*p + p - 4*q = -18, 17 = -4*p + 5*q. Let x(v) = p*v**3 + 3*v + 4*v**2 + 7 - 3*v**3 + 1 - 2. Let j = 10 - 5. Calculate x(j).
-4
Let q(j) = -8*j**2 - j - 4. Let r(h) = -3*h**2 - 4*h + 1. Let m(f) = q(f) - r(f). Calculate m(2).
-19
Let j(z) = 89 + 4*z**3 - 4*z**2 - 2*z - z**2 - 85 - 5*z**3. Let m = -220 - -217. What is j(m)?
-8
Let c be 6/((18/(-16))/(45/(-12))). Suppose 6*k - c = 16. Let x(m) = 3*m + 2. Determine x(k).
20
Let q(i) = -i**2 - 8*i - 19. Suppose -3*h - 3*g = 0, 4*h - 3*g - 19 + 54 = 0. What is q(h)?
-4
Suppose -16*x - 37*x = 13*x - 132. Let q(g) = g**3 - 4*g**2 + 2*g. Give q(x).
-4
Let b(c) = c**3 - 3*c**2 - 131*c - 3. Let a be b(-10). Let n(p) = -p**3 + 5*p**2 + 11*p + 20. Calculate n(a).
-1
Let k(a) = 2*a**2 + 8*a - 10. Let s be k(6). Let o(f) = -s*f + 28*f - 52 + 28*f + 31*f + 25*f. Calculate o(22).
-8
Let l be 248/40 + 8/10. Let r(a) = a**3 - 6*a**2 - 7*a + 4. Let x be r(l). Let g(w) be the second derivative of -w**3/2 + 2*w**2 + w. Determine g(x).
-8
Let u(t) be the third derivative of t**6/120 + 7*t**5/60 + 5*t**4/12 - 2*t**3/3 - 20*t**2 - 12. Suppose v - 52 = -57. What is u(v)?
-4
Let a(u) = -4*u**2 - 68*u + 65. Let y = 10939 - 10957. Determine a(y).
-7
Let n(u) = 14*u**2 - 1. Let g = 6 - 6. Let w be g/((-6)/3) + -3. Let j be w*(-2)/(-6) + 2. Determine n(j).
13
Suppose -15*r - 9 = -18*r. Let u(h) = -1 - 223*h**2 - r*h + 212*h**2 + 3*h. What is u(-2)?
-45
Suppose -17 = -2*a - 3. Suppose -11*o = -9*o - 16. Let m(g) = o + g - 6 + a. Calculate m(-4).
5
Let t(u) = -19*u**2 + 61*u**2 - 55*u - 44*u**2 + 28. What is t(-28)?
0
Suppose 8*b - 68 + 100 = 0. Let t(p) = -3*p**2 + 15*p + 16. Let n(m) = 2*m**2 - 8*m - 9. Let f(x) = b*t(x) - 7*n(x). Give f(-3).
-7
Let f be (-1262844)/(-252) + (4/(-14) - 0). Let k(i) = -5012*i**3 + i - 7*i**2 - 5*i - i + 4 + f*i**3. Calculate k(-5).
-21
Let y be 6 + (-7 - 12/(-3)). Let j(f) = 112*f**3 - 364*f**3 + 0*f**2 + 2 - 2*f**2 - 3*f + 253*f**3. What is j(y)?
2
Let n(g) = 14*g**2 + 6*g - 5. Let o(s) = 2*s - s**2 + 10 + 11*s**2 - 12 - 5*s**2. Suppose -5*b = 20 + 35. Let j(i) = b*o(i) + 4*n(i). What is j(-4)?
10
Let h(c) = -15*c + 11. Let q(a) = 11*a - 8. Let u(v) = -2*h(v) - 3*q(v). Determine u(5).
-13
Let f be ((-21)/7)/((-3)/5). Let v(m) = 5 + 13*m - m**2 + 3 + 2 - 2 + f. Determine v(13).
13
Let a be 369/(-24) + (8/(-7) - 765/(-504)). Let f(n) = n**3 + 15*n**2 + 3*n - 3. Give f(a).
-48
Suppose 0 = 149*n - 154*n + 4*b - 60, 3*n = 2*b - 34. Let c(x) = -3*x + 13. Calculate c(n).
37
Let m(r) = 14*r**3 - 12*r**2 + 13*r + 23. Let f(p) = 11*p**3 - 10*p**2 + 13*p + 24. Let h(q) = -5*f(q) + 4*m(q). Calculate h(-2).
-2
Let l(n) be the first derivative of -n**4/12 - n**3/3 - n**2/2 - 39*n + 111. Let j(h) be the second derivative of l(h). Suppose 24 = v - 5*v. Give j(v).
10
Let v(d) be the third derivative of d**5/30 - d**4/3 + d**3/6 + 32*d**2. Let o(x) = 4*x**2 - 16*x + 1. Let j = -38 - -43. Let q(n) = j*v(n) - 2*o(n). Give q(5).
13
Let g(r) = -30 + 6*r**2 + 10 - 97533*r**3 - 10*r + 97534*r**3. Determine g(-7).
1
Let x(g) = 8*g**2 + g + 14. Let u(m) = 11*m**2 - m + 11. Let q(n) = 12*n**2 - 2*n + 9. Let r(k) = 4*q(k) - 6*u(k). Let b(j) = -6*r(j) - 13*x(j). Calculate b(2).
12
Let f(k) = k**3 + 6*k**2 + 5*k + 6. Let a be 11/((-33)/18) - (-4 - -9 - 6). Determine f(a).
6
Let j(f) = 5*f - 2*f - f + 7. Suppose 1890*d + 196 = 1862*d. Determine j(d).
-7
Let d = 1264 + -1286. Let w(q) = -2*q**2 - 45*q - 17. Give w(d).
5
Let n(o) = 4*o**3 + 95*o**2 - 131*o - 148. Let j be n(-25). Let f(g) = 4*g**3 - 2*g**2 + 5*g - 7. Determine f(j).
27
Suppose -21 + 3 = 3*m. Let b(r) = -r + 3. Let k(j) = -j + 4. Let z(g) = m*b(g) + 7*k(g). Determine z(0).
10
Suppose -92*y = 172*y + 8976. Let k(o) = o**2 + 22*o - 406. What is k(y)?
2
Suppose 371 = 17*h - 10*h. Let v(j) = -89*j**2 + 89*j**2 + h - 52 + 16*j**3. Determine v(1).
17
Let a(d) = -d**3 - 5*d**2 - 3*d - 2. Let x be 0/1 - 18/(-9). Suppose -h - 2*h - x*r = 20, -h + 4*r + 12 = 0. Let m be h + (12/(-10) - 7/(-35)). Calculate a(m).
13
Let o = 32514 + -32512. Let r(u) = 1 + u**2 - u + u + u. Let b(f) = -2*f**3 - f**2 - 3*f - 1. Let d(p) = -b(p) - 3*r(p). What is d(o)?
6
Let b = 17 + -11. Let z(v) = v + 9*v**2 - 8*v**2 - b*v. Suppose i = 22 - 19. Give z(i).
-6
Let f be (-2)/(-32) + (-573)/(-48). Let n(w) = -8*w + 4*w + 9 + f - 17. What is n(9)?
-32
Suppose -18317 = -10*d - 18307. Suppose 3*w + 8 = 44. Let i(q) = -d + w + 0*q - 5 + q. Calculate i(-5).
1
Let x(u) = -u**2 + 11. Let f(b) = b**2 + 2*b + 2. Let d be f(0). Let r be d/11 + 4/(-22). What is x(r)?
11
Let y(o) = -10*o**2 - 6*o - 1. Let n(h) = -11*h**2 - 7*h - 1. Le